9
What is the hundred millions digit of 183271007?
1
What is the units digit of 4537531034?
4
What is the ten thousands digit of 315234864?
3
What is the hundreds digit of 143379037?
0
What is the tens digit of 1730224416?
1
What is the millions digit of 202918904?
2
What is the millions digit of 105078646?
5
What is the millions digit of 94311660?
4
What is the units digit of 412448451?
1
What is the millions digit of 87963664?
7
What is the ten thousands digit of 287706640?
0
What is the millions digit of 73127503?
3
What is the hundred millions digit of 1544916645?
5
What is the thousands digit of 26838878?
8
What is the hundreds digit of 668379304?
3
What is the tens digit of 4193464655?
5
What is the tens digit of 7841854874?
7
What is the units digit of 78155996?
6
What is the billions digit of 1129850980?
1
What is the tens digit of 495517656?
5
What is the units digit of 205421735?
5
What is the hundred thousands digit of 217315465?
3
What is the units digit of 129781576?
6
What is the units digit of 231224118?
8
What is the hundred millions digit of 262737466?
2
What is the units digit of 940586779?
9
What is the tens digit of 37969754?
5
What is the hundreds digit of 570959526?
5
What is the hundred millions digit of 978870306?
9
What is the tens digit of 6473673248?
4
What is the units digit of 1810056586?
6
What is the ten thousands digit of 7042081?
4
What is the millions digit of 866896545?
6
What is the ten thousands digit of 444983199?
8
What is the hundred millions digit of 211245974?
2
What is the units digit of 371166531?
1
What is the millions digit of 52709593?
2
What is the hundred millions digit of 108310138?
1
What is the hundred thousands digit of 995956790?
9
What is the hundreds digit of 39824664?
6
What is the millions digit of 459872684?
9
What is the hundreds digit of 825503093?
0
What is the ten millions digit of 260117281?
6
What is the units digit of 32558855?
5
What is the hundred thousands digit of 275478041?
4
What is the units digit of 121243399?
9
What is the hundred millions digit of 689669145?
6
What is the ten millions digit of 185501263?
8
What is the ten millions digit of 2752505807?
5
What is the tens digit of 1027308253?
5
What is the tens digit of 71239160?
6
What is the thousands digit of 33275011?
5
What is the hundreds digit of 1234381435?
4
What is the thousands digit of 83880543?
0
What is the tens digit of 44509608?
0
What is the ten thousands digit of 1724685019?
8
What is the thousands digit of 63148718?
8
What is the millions digit of 755760172?
5
What is the units digit of 15317816?
6
What is the thousands digit of 1018724604?
4
What is the thousands digit of 23582178?
2
What is the hundred thousands digit of 26006929?
0
What is the units digit of 2754447482?
2
What is the ten thousands digit of 86289821?
8
What is the thousands digit of 70889063?
9
What is the tens digit of 501293664?
6
What is the hundreds digit of 180013930?
9
What is the thousands digit of 2070749152?
9
What is the hundreds digit of 1667660900?
9
What is the ten millions digit of 47726666?
4
What is the ten millions digit of 1223806213?
2
What is the ten millions digit of 226920549?
2
What is the hundred thousands digit of 21399653?
3
What is the ten millions digit of 164860216?
6
What is the ten millions digit of 95122860?
9
What is the units digit of 1387021706?
6
What is the ten millions digit of 12814281?
1
What is the ten millions digit of 374390441?
7
What is the ten millions digit of 169311568?
6
What is the hundreds digit of 2016473682?
6
What is the hundred thousands digit of 22762476?
7
What is the units digit of 125795324?
4
What is the ten millions digit of 49022815?
4
What is the billions digit of 1753380530?
1
What is the tens digit of 694630199?
9
What is the millions digit of 128010270?
8
What is the tens digit of 37605919?
1
What is the tens digit of 893711638?
3
What is the hundred millions digit of 196653357?
1
What is the ten millions digit of 18114120?
1
What is the hundreds digit of 8394660?
6
What is the units digit of 4494975880?
0
What is the billions digit of 5308662308?
5
What is the hundreds digit of 128012105?
1
What is the hundred thousands digit of 2290859177?
8
What is the thousands digit of 985137698?
7
What is the hundreds digit of 9305141?
1
What is the hundreds digit of 217058751?
7
What is the ten thousands digit of 217429782?
2
What is the hundred thousands digit of 208694485?
6
What is the units digit of 1320966939?
9
What is the ten millions digit of 50800593?
5
What is the millions digit of 2588060670?
8
What is the ten millions digit of 41325609?
4
What is the millions digit of 872451685?
2
What is the millions digit of 207288081?
7
What is the tens digit of 8449623029?
2
What is the thousands digit of 2566637?
6
What is the thousands digit of 173708432?
8
What is the hundred millions digit of 2167531155?
1
What is the hundred millions digit of 1454697568?
4
What is the hundreds digit of 459071600?
6
What is the units digit of 436157871?
1
What is the hundred thousands digit of 237871360?
8
What is the ten thousands digit of 246876512?
7
What is the millions digit of 63159914?
3
What is the tens digit of 4015251?
5
What is the ten thousands digit of 171444880?
4
What is the hundred millions digit of 423794843?
4
What is the ten millions digit of 19521547?
1
What is the hundred thousands digit of 1322231128?
2
What is the hundreds digit of 1706069395?
3
What is the ten thousands digit of 1558506348?
0
What is the millions digit of 47398115?
7
What is the units digit of 322398396?
6
What is the hundred thousands digit of 133598159?
5
What is the millions digit of 72153562?
2
What is the hundred millions digit of 357547697?
3
What is the tens digit of 427242029?
2
What is the ten thousands digit of 48473330?
7
What is the millions digit of 462917413?
2
What is the tens digit of 301234361?
6
What is the millions digit of 385290674?
5
What is the hundreds digit of 1751941469?
4
What is the ten millions digit of 234186395?
3
What is the tens digit of 161467679?
7
What is the ten thousands digit of 2811649?
1
What is the units digit of 331564102?
2
What is the hundreds digit of 424547035?
0
What is the hundred thousands digit of 758399126?
3
What is the units digit of 28791744?
4
What is the hundred thousands digit of 6655868478?
8
What is the millions digit of 2862096?
2
What is the tens digit of 291998535?
3
What is the tens digit of 60798388?
8
What is the hundreds digit of 323846094?
0
What is the thousands digit of 384291750?
1
What is the thousands digit of 71576134?
6
What is the units digit of 3797912?
2
What is the hundreds digit of 39538373?
3
What is the billions digit of 2451070996?
2
What is the hundred thousands digit of 917097973?
0
What is the thousands digit of 18589403?
9
What is the thousands digit of 1303343726?
3
What is the ten millions digit of 134204187?
3
What is the hundred millions digit of 854443987?
8
What is the units digit of 806373222?
2
What is the tens digit of 671751928?
2
What is the thousands digit of 99798630?
8
What is the hundred millions digit of 759955637?
7
What is the hundred thousands digit of 62020388?
0
What is the hundred thousands digit of 1123849586?
8
What is the ten thousands digit of 22885942?
8
What is the millions digit of 440005637?
0
What is the hundred thousands digit of 229396268?
3
What is the millions digit of 41009700?
1
What is the ten millions digit of 17262140?
1
What is the hundred thousands digit of 506279801?
2
What is the units digit of 85855720?
0
What is the hundreds digit of 84803213?
2
What is the hundred thousands digit of 2162676196?
6
What is the units digit of 99145071?
1
What is the hundreds digit of 1392102?
1
What is the thousands digit of 4541342112?
2
What is the tens digit of 3804164?
6
What is the billions digit of 4363520969?
4
What is the tens digit of 18226655?
5
What is the millions digit of 308634359?
8
What is the millions digit of 691191563?
1
What is the thousands digit of 437990481?
0
What is the ten millions digit of 692148142?
9
What is the millions digit of 1928201008?
8
What is the thousands digit of 4978148050?
8
What is the ten thousands digit of 2384133275?
3
What is the hundreds 